)/((-96)/(-12))*-10. Let v(j) = 24*j - 12. Give v(g).
108
Let x(u) be the second derivative of u**3/6 + 7*u**2/2 - 322*u. Let a(l) = l**3 - 5*l**2 + 5*l - 3 - 2 + 1. Let g be a(4). Determine x(g).
7
Let p(c) = 44*c**2 + 111*c + 36. Let z(q) = 31*q**2 + 74*q + 24. Let r(g) = -5*p(g) + 7*z(g). Calculate r(-12).
0
Let w(n) = 3579699*n**2 - 3579702*n**2 + 2*n - 3*n**3 + 0*n. Give w(3).
-102
Let z(s) be the third derivative of -s**6/120 + s**5/20 - 5*s**4/12 + 23*s**3/2 + 291*s**2 - s + 3. Calculate z(4).
13
Let o(i) = -7*i**3 - 267*i**2 + 7*i + 10. Let z(g) = 4*g**3 + 159*g**2 - 4*g - 5. Let d(q) = 3*o(q) + 5*z(q). Let p = 2 - 8. Calculate d(p).
-1
Let h(o) = 22*o + 245. Let b(v) = -265*v - 2943. Let p(c) = -4*b(c) - 50*h(c). What is p(-12)?
2
Suppose -5*p - 120 = -5*y, -4*p + 11*y - 737 = -599. Let s(i) = -i**3 - 19*i**2 - 16*i - 4. Determine s(p).
-40
Let n(p) = -27*p**2 - 1. Suppose -3*i + 4*w + w - 24 = 0, 2*i + w + 3 = 0. Let r be 10 + -7 - i*2/(-3). Calculate n(r).
-28
Let c(r) = -5*r + 5*r + 2*r - r - 6. Let g(k) = 3 + 77*k - 83*k - 40. Let i be g(-5). Calculate c(i).
-13
Let m = 93034 - 93045. Let k(r) = -3*r + 7*r + 1 + 0*r - 3*r. Calculate k(m).
-10
Let z = -8 - -6. Let h(a) = a**2 + 2*a + 10. Let y(d) = -6*d**2 + 2*d**2 + 3*d - 8 + 4*d**2 - 5*d - d**2. Let m(k) = -4*h(k) - 5*y(k). What is m(z)?
0
Suppose n = 3*j - 12, 4*n - j + 5*j - 16 = 0. Suppose -3*a + 2 = -2*k + 1, -16 = -4*k. Let h(x) = 7*x**2 - 5*x**2 - 4 - x - a*x**2 + 0*x. What is h(n)?
-4
Let r(j) = -40*j**3 - 3*j**2 + 5*j - 6. Let m(d) = -41*d**3 - 2*d**2 + 4*d - 5. Let n(o) = 5*m(o) - 4*r(o). Let p be 19 + -24 + (1 - -5). Give n(p).
-44
Let z(j) = -4*j + 6. Suppose 4*a - k - 30 = 68, 3*a - 5*k - 65 = 0. Suppose -a*b + 62 = -63. Calculate z(b).
-14
Let u(y) = 60*y + 6. Let s(j) = -21*j - 1. Let n(o) = 3*s(o) + u(o). Give n(-5).
18
Let h(c) = 53*c - 17 + c**2 - 3 + 52*c - 11 - 119*c. Determine h(16).
1
Let j be (-2754)/9180 + (-17)/10. Let n be (-2)/(2 - 3) - 1. Let y(w) = 2*w**3 - w**2 + 3*w + 2*w**2 + n + w**2. Calculate y(j).
-13
Let l be 1/(6/8 - (-14)/(-56)). Let x be (1 + 0)*l - -1. Let u(f) = -6*f - 11*f - x + 20*f. Calculate u(6).
15
Let v(u) = -27368*u + 20 - u**3 + 4*u**2 + 9117*u + 9123*u + 9116*u. Give v(3).
-7
Let f(r) = -2*r - 2*r + 3*r. Let u(d) = d**3 + 22*d**2 + 24*d + 81. Let b be u(-21). Let o be 18/(-8)*((-42)/b - -5). Determine f(o).
6
Let m(k) be the second derivative of -k**8/6720 + k**7/315 + 7*k**6/720 + k**5/8 - 13*k**4/6 - 149*k. Let q(n) be the third derivative of m(n). Calculate q(9).
-3
Let f(t) = 3*t - 1072 + t**3 + 4*t**3 - 1070 + 2145 + 4*t**3. What is f(-1)?
-9
Let s(b) = b - 5. Let x(f) = f**3 + 40*f**2 + 257*f + 37. Let v be x(-32). What is s(v)?
0
Let z(v) = 5*v - 21*v + 1 + 27*v + 17 - 6*v. Calculate z(-7).
-17
Let j(p) = -4*p + 2*p + 111 + 2*p**2 - 41 - 63 - 5*p**2. Give j(-3).
-14
Let p(b) be the third derivative of -b**5/60 - 3*b**4/4 - 10*b**3 - 7674*b**2. What is p(-14)?
-4
Suppose 2*l = -p - 10, -3*p + 63*l - 62*l = 9. Let v(k) be the first derivative of 1 - 3*k + 6 - k**2 - 6. Determine v(p).
5
Let f(m) be the third derivative of -m**6/240 + m**5/40 + 35*m**4/24 - 93*m**2. Let s(b) be the second derivative of f(b). Calculate s(-2).
9
Let q(y) = 111*y - 35*y - 43*y - 39*y + 5 - 9*y**2. Let z(i) = -9*i**2 - 5*i + 4. Let u(k) = -4*q(k) + 5*z(k). What is u(1)?
-10
Suppose 0 = 12*g - 25*g + 195. Suppose -g*h = h + 96. Let k(l) = 3*l + 13. What is k(h)?
-5
Suppose 0*h - 12 = 3*h. Let w be -1*((-2)/h - (-7)/2). Let q(d) = -6*d - 17. Let r be q(w). Let a(p) = -p**2 + 10*p - 4. Determine a(r).
17
Let c(y) = -y**2 - 1. Let q(k) = 9*k**2 - k + 2. Let w(r) = -2*c(r) - q(r). Let u(a) = a**3 - 62*a**2 + 11*a + 2. Let h be u(0). What is w(h)?
-26
Let l be (266/19)/(2*-1). Let n be (7/l)/((-2)/4). Let o(f) = 12*f**2 - n*f - 7*f**2 + f**2 + f**3 - 7. Give o(-6).
5
Let i(z) = -z**3 - 23*z**2 - 18*z + 76. Let k = 4606 + -4628. Calculate i(k).
-12
Let v(y) be the second derivative of 2*y**3 - y**2/2 - 24*y. Let j = -92 - -122. Suppose 0 = 24*i - j*i - 6. Give v(i).
-13
Let d(t) be the first derivative of t**3/3 - 2*t**2 - 4*t - 25. Let g be 15/(-45) - (1 + (-4)/3). Let p be 4/6 - g - (-880)/165. What is d(p)?
8
Let v(n) = -6*n**3 + n**2 + n - 2. Let o(s) = -s**3 - s**2 + 1. Let r be o(0). Let l be r + -2 + 3 - 1. Let k be v(l). Let m(y) = 3*y + 6. Give m(k).
-12
Let m(t) = 10*t - 33. Let z be m(21). Let q = z + -169. Let a(f) = -f**3 + 8*f**2 - 2*f + 11. Give a(q).
-5
Let p be -1*13/1 + 2 + 2. Let r(h) = h**3 + 10*h**2 + h - 2. Let c be r(p). Let b = -70 + c. Let i(l) = -l**3 + l**2 - l + 1. Give i(b).
1
Let d(w) = 13*w + 91. Suppose 10*s - 5*y = 12*s - 24, -2*s - 24 = -y. Give d(s).
-13
Let k(l) = l**2 + 16*l + 25. Suppose 5*v = 7*v - 434. Let r = -231 + v. Determine k(r).
-3
Let o be 0/(6 - 5)*(-2)/(-4). Let x be o + 4 - 8/(-4). Suppose x = 2*y - 3*m, -3 = 4*y + 4*m - 15. Let c(s) = 2*s - 4. Calculate c(y).
2
Let m(u) = 4*u - 13*u + 0*u - 106 + 119 + 7*u + 3*u. Let o = -10 + -2. What is m(o)?
1
Let w(x) = -2*x**2 - 3*x + 1. Let j(i) = 3*i**2 + 6*i - 2. Suppose -22*r + 24 = -30*r. Let l(y) = r*j(y) - 5*w(y). Give l(4).
5
Let v(u) = u**3 - u**2 - 2*u - 7. Let d be v(3). Let o(w) = -w - w - d + w + 2*w. Suppose -4*q - a = -5*q + 11, -5*a - 25 = 0. What is o(q)?
1
Let m(l) = 2*l + 32. Let j be -8 - (-39)/5 - (-148)/(-10). Determine m(j).
2
Let v(b) = 10*b + 2. Let a be -2*(-8 - (-1)/((-3)/(-18))). Calculate v(a).
42
Let c(o) = -28*o**3 - 7*o**2 + 35*o - 45. Let z(s) = -3*s**3 + s**2 - 4. Let d(p) = -c(p) + 9*z(p). Calculate d(-18).
-9
Let o be (0 - 4)*(-9)/12. Let a(j) = -3*j**3 + 4*j**2 - 13*j + 17. Let l(x) = -4*x**3 + 6*x**2 - 17*x + 22. Let s(d) = -9*a(d) + 7*l(d). What is s(o)?
22
Suppose 195*d - 229*d + 2643398 = 0. Let v(t) = -77751 + d - t - t. Let g(y) = -2*y + 1. Let q be g(2). What is v(q)?
2
Let q(f) = 6*f - 6. Suppose -k - 47 = -0*k. Let z = -726 - -777. Let g = z + k. Determine q(g).
18
Suppose 6*o - 3*o - 9 = 0, -5*f - 4*o + 42 = 0. Let d(q) be the third derivative of 0*q - 1/6*q**4 - 197*q**2 + 0 + 3/2*q**3. Give d(f).
-15
Let d = -13 - -4. Let x(g) be the third derivative of -g**5/60 - 3*g**4/8 + 2*g**3 + 465*g**2. Determine x(d).
12
Let l(a) = a**2 + a - 3. Suppose 3*i - 30 = -3*q, -4*q + 3*i = -2*i + 5. Let z be (224/(-40) + q)*5. Give l(z).
3
Let j(q) = -q**2 + 5*q + 6. Let i(o) = -27*o + 262. Let c be i(9). Let m = 24 - c. Determine j(m).
6
Suppose -99*v - 97*v - 210 = -126*v. Let c(k) = k**2 + 6*k + 11. What is c(v)?
2
Let t(m) = m**2 + 25*m + 37. Let h = 3331 + -3354. Give t(h).
-9
Let s(p) = 19*p + 33. Let w(u) be the first derivative of -7*u**2/2 - 11*u + 19. Let r(k) = 4*s(k) + 11*w(k). Give r(6).
5
Let g = -4 - -5. Let w be (3 + -9)*g/(-2). Let x(v) be the first derivative of v**2/2 - 7*v + 63. Determine x(w).
-4
Let f(s) = -11*s**3 - 20*s**2 + 6*s. Let d(g) = 29*g**3 + 53*g**2 - 17*g. Let z(m) = -3*d(m) - 8*f(m). Determine z(0).
0
Let t(s) = -s**2 - 2*s + 4. Suppose 4*a + 4*k + 114 = 3*a, 4*k + 396 = -4*a. Let r = -99 - a. Give t(r).
-11
Let r(v) be the second derivative of -v**5/20 + 3*v**4/4 + 19*v**3/6 - 31*v**2 - 10*v + 155. Determine r(10).
28
Let a(i) = -3*i + 3*i - 6*i - 8 + 2*i. Suppose -4345 = 920*q + 255. Give a(q).
12
Let u be ((-14)/4)/((-1)/(-2)). Let b(i) be the second derivative of -i**3/6 - 15*i**2/2 + i - 1587. Give b(u).
-8
Let n(u) = u + 10. Let f be n(-7). Suppose -5*a = -4*y + 9, -8*a = -f*y - 10*a + 1. Let t be ((8 - 12) + (5 - 1))/y. Let l(b) = b**3 + b + 1. Calculate l(t).
1
Let j(u) = 815 - 14*u - 6*u - 819 + 0*u. Give j(-2).
36
Suppose q = 1, 4*s + 2*q - 4 = -2*q. Suppose -4*x + 2*k + 112 = 0, s*k = -x + 5*k + 19. Let v(f) = -2*f - 31 + x + 4*f. What is v(-2)?
-6
Let c be -2*((-1)/(-2) - 1). Let a(x) be the second derivative of -58*x + 0 + 0*x**2 + 0*x**3 + 1/12*x**4. Calculate a(c).
1
Let i(a) = 17*a**2 + 50*a + 100. Let f be i(-2). Suppose -f*p - 22 = -46*p. Let q(u) = 23*u + 2. Calculate q(p).
-21
Let b(n) be the third derivative of -n**5/12 + n**4/24 - 54*n**2. Calculate b(0).
0
Let j(z) = -9*z**3 - 3*z**2 - 89*z - 17. Let w(x) = 4*x**3 + 2*x**2 + 34*x + 8. Let b(k) = -2*j(k) - 5*w(k). Determine b(2).
-22
Let p(d) = -9*d - 1. Suppose 12 = 5*y + 4*g - 5*g, 0 = 3*y + 5*g + 4. Let l(t) = 4*t + 1